 - 17 - 18 + 16. What is u(0)?
-19
Suppose 5*k - 2*k = 4*c - 14, -2*c + k + 8 = 0. Suppose m - c*r = 18, 28 = 3*m - 5*r - 6. Let d be m/(-8)*1*2. Let j(n) = 2*n + 2. Calculate j(d).
-2
Let x = 1 + 2. Suppose -p - 2*q = -8, -x*p + 4*p + 5*q = 8. Let b(v) = p - 6*v - 1 - 5. Determine b(2).
-10
Suppose 21*i = 18*i - 2*l + 13, -2*i + 2*l = -12. Let r(o) = -o**2 + 3*o + 8. Give r(i).
-2
Let d = 4 - 2. Let u(x) = 1 + 3*x**2 + 0 - 2*x**d. Let z be (1 + -2)*(128 - 127). Give u(z).
2
Let w(i) = -i**2 - 8*i - 5. Suppose -5*n = -33 - 57. Suppose -n = -2*k + 5*k. Determine w(k).
7
Suppose -x = 2 - 5, -23 = -4*b + 3*x. Let y(l) = -7*l - l**2 - l**2 - 1 + l**3 + b*l**2. Let c(a) = a**3 - a**2 - 8*a + 5. Let i be c(-3). Give y(i).
-1
Let a(f) = 3 + 9 + 1 - 6*f - 10. Let q = 8 - 5. What is a(q)?
-15
Let p(f) = -f**2 - 4*f - 2. Let k(j) = 2*j**2 - 11*j + 4. Let d be k(5). Let s be p(d). Let v(o) = s + 2 - 3 - 4*o. Calculate v(1).
-4
Suppose 14*d - 10 = 9*d. Let o(h) = -31*h**2 + 60*h**2 - 30*h**d + h**3 + h. What is o(2)?
6
Let g(w) = 5*w. Let n(y) = 21*y + 10. Let v(p) = 4*g(p) - n(p). Give v(-3).
-7
Let l(n) = -3*n**2 - 27*n - 19. Let f be l(-8). Let r(x) = x - 6. What is r(f)?
-1
Suppose 5 = 2*m - y, 4*m = -0*m - 2*y - 2. Let j(v) = -19*v + 2. What is j(m)?
-17
Let a(l) = 2*l**2 + l + 2. Let n(g) = -13*g**2 - 2*g - 11. Let y(c) = 5*a(c) + n(c). Determine y(2).
-7
Suppose 5*u - 4*q - 17 = -3*q, 11 = u - 4*q. Let i(r) = -u*r**2 + 8*r + r**3 - 9*r - 5 + 0*r**2. Suppose -3*b = -3*d - 1 - 2, 3*b = 4*d - 1. Calculate i(d).
7
Suppose -2 = -d - j, -3*d = -j - j + 4. Suppose -3*u + d = -6. Let w(o) be the second derivative of o**5/20 - o**4/12 - o**3/2 + o**2 - o. Determine w(u).
0
Let k be 42/7 - (10 + 4). Let l(p) = -p**3 - 5 + 0*p**3 - 8*p**2 - 4 + 3. What is l(k)?
-6
Let u(p) = p**3 + 2*p**2 - 22*p - 6. Let s(n) = 2*n**3 + 4*n**2 - 51*n - 13. Let o(v) = -3*s(v) + 7*u(v). Determine o(0).
-3
Let a(c) = 45*c**2 + 28*c + 16. Let k(n) = 32*n**2 + 19*n + 11. Let x(z) = 5*a(z) - 7*k(z). Let w be (1*3)/(-4 - -3). Give x(w).
-9
Let m(h) = 2*h**2 - 3*h - 7. Let r(a) = 5*a**2 - 10*a - 20. Suppose 9 = f + 2*f. Let z(q) = f*r(q) - 8*m(q). Calculate z(-6).
-4
Let k(w) be the first derivative of -3*w**2/2 - 3*w + 145. Suppose -3 = q - 1. What is k(q)?
3
Let s be -8 - 9*(-77)/84. Let g(b) be the first derivative of 1/2*b**2 - 5 - 5/3*b**3 + b + s*b**4. Give g(5).
6
Suppose 2*g - 3 = 1. Let u(c) = -c - 1. Let i be u(g). Let t = i - -4. Let k(w) = 6*w**2 - w + 1. Calculate k(t).
6
Suppose -2*b - 11 + 23 = -2*m, 2*m - 3 = -b. Let j be 8/((-48)/(-18)) - 5*m. Let d(o) = o**3 - 7*o**2 - 10*o + 11. Give d(j).
-5
Let u(l) = l**3 - l**2 + 2*l - 3. Let h(d) = -3*d**3 + 3*d**2 - 5*d + 5. Let w(s) = -2*h(s) - 5*u(s). Let o be (-8)/(8/2) + 2. What is w(o)?
5
Let k(v) = 10*v - 1. Let p(j) = -23*j + 2. Let i(n) = -47*n + 4. Let u(b) = 4*i(b) - 9*p(b). Let w(q) = -5*k(q) + 3*u(q). Give w(1).
6
Let t(v) = v**3 + 5*v**2 - 6*v + 10. Let y(m) = -m + 1. Suppose 0*w = w + 3. Let z(q) = w*y(q) + t(q). Give z(-6).
-11
Let n(j) = -j**3 - 9*j**2 + 8*j - 11. Let a = 1524 - 1534. What is n(a)?
9
Let o(v) = -2*v - 7. Suppose -14 = w + 4*c, 3 - 12 = w - c. Determine o(w).
13
Let l(p) = -3*p - 11. Let y(c) = 13*c + 44. Let h(q) = -9*l(q) - 2*y(q). Let n(x) = -2*x**3 + 3*x**2 - 3*x + 1. Let a be n(2). Give h(a).
2
Let b(i) = i**2 + 2*i - 3. Let h(f) = -2*f + 9. Let x be h(6). Let r be b(x). Suppose 3*y + 2*y - 25 = r. Let a(j) = j**2 - 6*j + 3. Give a(y).
-2
Let u be 19*1/3 - 4/(-6). Let t(g) = -g**3 + 7*g**2 - 4*g - 3. Give t(u).
-31
Let n(b) = -11*b**2 + 6*b - 2. Let s(r) = -24*r**2 + 12*r - 4. Let d(w) = 13*n(w) - 6*s(w). Give d(-6).
-2
Let o(l) = 7*l**3 - 3*l**2 - 2*l + 2. Let z(y) = 20*y**3 - 9*y**2 - 6*y + 5. Let q(j) = -17*o(j) + 6*z(j). Determine q(4).
4
Let c(v) = -10*v**2 + v - 4. Let r(q) = 7*q**2 - q + 3. Let k(h) = 5*c(h) + 8*r(h). Let l(j) = 5*j**2 - 4*j + 5. Let m(i) = -4*k(i) + 3*l(i). Give m(-1).
-10
Let k = -2928 + 2934. Let v(z) = -3*z + 8*z - z**2 - z + 8. Calculate v(k).
-4
Let s(q) be the third derivative of q**4/24 + 4*q**3/3 + 49*q**2 - 1. Give s(-4).
4
Let x = -36 + -14. Let t = x + 44. Let k(d) = 3*d + 9. Determine k(t).
-9
Let z(g) be the second derivative of 1/12*g**4 + 0*g**3 + 0 + 0*g**2 - 1/120*g**5 - 2*g + 1/720*g**6. Let s(t) be the third derivative of z(t). Calculate s(0).
-1
Let c(f) be the first derivative of f**7/140 - f**6/180 + f**4/24 - f**3 - 35. Let n(g) be the third derivative of c(g). Give n(-1).
-7
Let u(v) be the first derivative of v**2/2 + v + 700. Let g be (-1 + 2)/((-3)/(-9)). Let t = g - 9. What is u(t)?
-5
Suppose -31*z = -39*z - 56. Let w(m) = -m**3 - 8*m**2 - 7*m + 5. What is w(z)?
5
Let x(b) be the third derivative of 0*b + 6*b**2 + b**3 - 1/60*b**5 - 1/6*b**4 + 0. Calculate x(-5).
1
Let k be 7/(-2)*(-180)/63. Let m be ((-10)/4)/((-5)/k). Let c(r) = r**2 - 6*r + 6. Let y be c(m). Let x(d) = -5*d. Determine x(y).
-5
Let k(r) be the first derivative of 1 + 0*r + 1/2*r**2 - 2/3*r**3 + 3/4*r**4. Give k(1).
2
Let t(h) be the second derivative of 5*h**3/6 - h**2/2 + 21*h + 3. Give t(-4).
-21
Let a(v) = 3*v - 2. Let u(r) = -5*r + 7. Let k(b) = -2*a(b) - u(b). What is k(11)?
-14
Suppose 5*y + 2*u + 4 + 24 = 0, 0 = -3*y + u - 8. Let g be (-1)/(y/16) + -1. Suppose g*v = v - 2. Let p(q) = 4*q**3 - 2*q**2 + 1. What is p(v)?
-5
Let h(p) = -p + 1. Let b(w) = w - 2. Let t(i) = 2*b(i) + 3*h(i). Let q(y) be the first derivative of 5*y**2/2 + 4*y + 1. Let k(o) = q(o) + 3*t(o). What is k(4)?
9
Let c be 68/(-85) - 1/5. Let y be -1 - 4 - 2*(-3 - c). Let h(r) = -2 + 0*r**2 + 3 - 9*r**2. Calculate h(y).
-8
Let i(f) be the second derivative of 9*f + 0*f**2 + 0 + 0*f**4 + 0*f**3 - 2/5*f**5. Calculate i(1).
-8
Let k(c) = 2*c**2 + 11*c - 17. Let b(r) = 2*r - 4. Let u(x) = 4*b(x) - k(x). Calculate u(1).
-4
Let y = 8 + 5. Suppose y = 7*t + 6. Let d(u) = 5*u**3 - u**2 - u + 1. What is d(t)?
4
Let y(g) = g + 9. Suppose 0 = -2*b - b - 4*w - 148, -100 = 2*b + 2*w. Let k = 52 + b. What is y(k)?
9
Suppose 2*j + 3*i - 9 = 0, -66*i + 3 = -3*j - 65*i. Let y(o) = o**3 - o**2 - o - 16. What is y(j)?
-16
Suppose -2*v - z = -4 + 8, -5*v = 4*z + 10. Let m(h) = 5*h**2 - 4*h + 4. Let u(t) = 4*t**2 - 4*t + 3. Let y(w) = -6*m(w) + 7*u(w). Give y(v).
-3
Let g(w) = 3*w**2 - 10. Let x(k) = k**2 - 4. Let q(s) = -4*g(s) + 11*x(s). Let c be (-39)/(-15) - 4/(-10). Let u be 10/4 - c/(-6). What is q(u)?
-13
Suppose -f - 6 = -3*f, -f - 144 = -3*w. Suppose 3*t - 10*t = -w. Let l(m) = -m**3 + 6*m**2 + 6*m + 1. Calculate l(t).
-6
Suppose -15*y + 198 = 18*y. Let m(v) = -v**3 + 7*v**2 - 7*v - 3. Calculate m(y).
-9
Let m(k) = -k**3 - 5*k**2 + 6*k. Let n(o) = -o - 15. Let v be ((-1)/(-2))/(11/(-198)). Let p be n(v). Calculate m(p).
0
Suppose 10*t - 10 = 12*t. Let l(p) = -p**3 + 8*p**2 + 9*p - 11. Let r be l(9). Let f = r - t. Let a(s) = s**2 + 7*s + 6. What is a(f)?
0
Let r(q) = 31*q - 20 - 7*q - 7*q - 13*q. Determine r(7).
8
Let o(w) = w**3 - 3*w**2 + 5*w - 4. Let t be o(2). Suppose 3*l - 5*b = 29, -t = -4*b - 18. Let y(r) = -16*r**l - 2*r - 5 + r**2 + r + 4. Determine y(-1).
17
Let z(i) = 10*i**2 - 16*i - 28. Let n(v) = 3*v**2 - 5*v - 9. Let b be (-2)/(-9) + 244/36. Let w(k) = b*n(k) - 2*z(k). Let p = 26 + -21. Determine w(p).
3
Let a(y) = 6 + 5*y - y + 6 - 6 - 10*y. What is a(6)?
-30
Let i(q) = -q**3 - 7*q**2 - 4*q + 8. Let u(o) = o**3 - o**2 - 2*o + 2. Suppose -9 = -3*x - 2*f - 23, -5*x = f + 14. Let g be u(x). What is i(g)?
-4
Suppose -d + 2*h = 8, -6 = 4*d - 104*h + 109*h. Let c(i) = -i**2 - 7*i + 2. Determine c(d).
14
Let q(d) be the third derivative of 0*d + 0 + 1/3*d**3 - 2*d**2 + 5/24*d**4. Let g = 682 + -680. Give q(g).
12
Let u(s) = 7092*s**2 + 4*s + 7089*s**2 - 14180*s**2 + 5. Suppose 2*z - c + 8 = 0, -3*z + 5*z = 3*c. Calculate u(z).
17
Suppose -w = 5*u + w + 61, -5*u - 71 = -3*w. Let o(n) = 3*n**2 - 17*n + 6. Let q(z) = 2*z**2 - 16*z + 6. Let l(v) = 3*o(v) - 4*q(v). Calculate l(u).
-6
Let l(x) be the third derivative of -9*x**2 + 0*x - 1/6*x**3 + 0 + 0*x**4 - 1/60*x**5. Give l(3).
-10
Let l(p) = p**2 + 11*p - 31. Suppose 4*v + 160 = 108. Give l(v).
-5
Let j(v) = -v**3 - 6*v**2 + 7*v - 7. Let h be 56/6*(-1 - -4). Suppose 0 = 6*x + h + 14. Let d be j(x). Let u(t) = -t**3 - 8*t**2 - 6*t + 9. What is u